s - 1. What is the remainder when v is divided by w(q)?
11
Let h(k) = k + 10. Let o be h(-9). Let b(w) = 20*w - 1. Let p = 12 + 43. What is the remainder when p is divided by b(o)?
17
Let f = 13 + 2. Calculate the remainder when 56 is divided by f.
11
Suppose 24 = 4*h + 4*j, 5*j - 5 - 5 = 0. Suppose -2 = -h*t + 66. Calculate the remainder when 33 is divided by t.
16
Calculate the remainder when 66 is divided by 22/(-33)*153/(-6).
15
Let n(w) = -3*w - 6. Let j(u) = -u**2 - u + 1. Let a(l) = -2*l**2 - 19*l - 3. Let p(o) = -a(o) + 3*j(o). Calculate the remainder when p(15) is divided by n(-4).
3
Let o(p) = -p**3 + p**2 + p + 4. Let w be o(0). Suppose -5*b + w + 1 = 0. What is the remainder when 3 is divided by b?
0
Suppose 4*r = 6*r - 182. Calculate the remainder when r is divided by 31.
29
Let a(i) = 5*i - 9. Let b(n) = n**3 - 9*n**2 + 13*n - 11. What is the remainder when b(8) is divided by a(5)?
13
Let t = 92 - 19. Calculate the remainder when t is divided by 19.
16
Let t be (174/5)/(6/20). Suppose 4*s - t = -2*q, 142 = -2*s + 7*s + 4*q. What is the remainder when s is divided by 8?
6
Let g(w) = w**3 + 13*w**2 + 22*w + 13. Calculate the remainder when 36 is divided by g(-11).
10
Let k(w) = 3*w**2 + 12*w - 35. Calculate the remainder when 38 is divided by k(-7).
10
Suppose -3*t + 8*t = 130. Calculate the remainder when 48 is divided by t.
22
Let v = -23 + 61. Suppose -3*q + 2*p = 1, -4*p - 1 = -5*q - 4. Let d(x) = 12*x + 1. What is the remainder when v is divided by d(q)?
12
Calculate the remainder when 62 is divided by (12/(-9))/((-2)/24).
14
Let c = 3 - 2. Let s(g) = -19*g**2 + 1. Let l be s(c). What is the remainder when -2 + (-1 - l) - -2 is divided by 9?
8
Suppose -6*o - 15 = 15. Suppose 0*a - 4*a - 5*n = -45, a - 2*n = 8. Let h = a + o. Calculate the remainder when 12 is divided by h.
2
Let o = -8 - -20. Let w(y) = 16 + 20 - y**2 + 11 + y + 0*y**2. What is the remainder when w(0) is divided by o?
11
Let s(w) = -w**3 - 4*w**2 + 2*w + 8. Calculate the remainder when 114 is divided by s(-5).
22
Suppose 15*w - 11*w - 12 = 0. Suppose 10 = -0*h + 2*h. Calculate the remainder when h is divided by w.
2
Suppose -5 - 14 = -3*m + 2*g, 5*g + 10 = 0. Let i(x) = -x**2 + 6*x + 3. Let y be i(m). Suppose -f + y = -5. What is the remainder when 25 is divided by f?
12
Suppose 2*y + 3*i = 23, -3*i - 15 = 3*y - 42. What is the remainder when 8 is divided by y?
0
Let p be (-4)/(3/(-108)*-2). Calculate the remainder when 7 is divided by (-6)/4*p/27.
3
Suppose 5*n + 5*f + 12 = 52, -4*n + 2*f + 62 = 0. What is the remainder when 63 is divided by n?
11
What is the remainder when (-330)/(-12) + (1/(-2) - 0) is divided by 16?
11
Suppose 6*q - 2*q - d - 12 = 0, 5*q - 15 = -5*d. Calculate the remainder when 10 is divided by q.
1
Suppose -3*a + 5*a + 2 = z, -3*z = a - 27. Suppose -5*p + 33 + 16 = -x, -p + 2*x + z = 0. Calculate the remainder when p is divided by 3.
1
Suppose y - 291 = -4*y - 4*g, y - 64 = 5*g. What is the remainder when y is divided by 4*(-2 + (-18)/(-4))?
9
Let z(k) be the second derivative of k**4/12 + 2*k**3/3 + 3*k**2/2 + k. Let i(b) = -b + 4. What is the remainder when z(4) is divided by i(-8)?
11
Let j = 18 - 8. Let w be (-2)/((0 - 2) + 1). Suppose 0 = w*t - 4*t + 58. What is the remainder when t is divided by j?
9
Suppose 4 = 5*v - 3*g, 3*v + 5*g - 8 = 4*g. Suppose -8 = -v*f + 26. What is the remainder when 33 is divided by f?
16
Suppose 3*w = -5*f - 44, -58 = 3*w - 2*f + 21. Let y = 51 + w. Calculate the remainder when y is divided by 10.
8
Let g(m) = -m + 28. Calculate the remainder when 46 is divided by g(16).
10
Let u = -17 + 25. Let v = u + 9. Suppose 0*z - z + 13 = 5*d, 0 = -2*z - 3*d + 54. Calculate the remainder when z is divided by v.
16
Let h = -9 - -21. Suppose -t = 3*x - 5 - 5, -5*x - 20 = 0. What is the remainder when t is divided by h?
10
Suppose 0*b + 12 = b. What is the remainder when 45 is divided by b?
9
Suppose 5*g = 205 - 80. What is the remainder when 72 is divided by g?
22
Suppose -8 = -t - 4. Suppose t*z - 6*z + 18 = 0. What is the remainder when 24 is divided by z?
6
Let p be 1 - 1/((-3)/6). Suppose p*h = 5*m - 148 + 48, h + 73 = 4*m. Let g = 13 + -7. Calculate the remainder when m is divided by g.
5
Let l(i) = i**2 + 7*i + 6. Let n be l(-7). Let x = n + 3. Suppose -2*g + 4*u + 74 = 28, 3*g - 5*u - 66 = 0. What is the remainder when g is divided by x?
8
Let k be 16/7 + (-2)/7. Let v(i) = 8*i**2 + i + 1. Suppose 3 = -j - 4*c + 13, 5*c + 28 = j. What is the remainder when v(k) is divided by j?
17
Let a(z) = -z**2 - 11*z - 8. Let i = -1 - 6. Let d be a(i). Suppose 0 = -4*l + d, 2*c + c - 4*l = 13. Calculate the remainder when 20 is divided by c.
9
Let t(i) = -3*i - 11. Let q(s) = 3*s + 7. Calculate the remainder when q(6) is divided by t(-8).
12
Suppose -30 = -9*o + 6*o. Calculate the remainder when o is divided by 4.
2
Let g = 25 + 13. Calculate the remainder when g is divided by 20.
18
Let f = 7 + -4. Let k be (-99)/(-55) + 2/10. Suppose -2*g = 5*q - 15, -f*g - 30 = -k*q + g. What is the remainder when 7 is divided by q?
2
Suppose 28 = 4*l - 16. What is the remainder when (159/12)/(2/8) is divided by l?
9
Let p = 7 - -57. Calculate the remainder when p is divided by ((-10)/(-4) - 2) + 344/16.
20
What is the remainder when 1*(4/(-18) + 2110/18) is divided by 40?
37
Calculate the remainder when (-46)/(-11) - (-6)/(-33) is divided by 3.
1
Suppose 12*x + 10 = 13*x. What is the remainder when (29/(-2))/(2/(-4)) is divided by x?
9
Suppose 15*z = 11*z + 76. Calculate the remainder when z is divided by 10.
9
Let j = 91 - 15. Suppose 3*z - 42 = -d, -j + 12 = -4*z - 4*d. Calculate the remainder when z is divided by 5.
3
Let n = -10 - -35. What is the remainder when n is divided by (-2)/(-3) - 50/(-6)?
7
Let w(i) = 2*i**2 - 7*i + 2. Let r be w(5). Let c = 21 + r. What is the remainder when c is divided by 13?
12
Let h = -5 + 17. Suppose k = 5*k - 5*s - h, -3*k + 5*s = -4. Calculate the remainder when 15 is divided by k.
7
Let k(z) = 4*z + 4. Let j(y) = -y**3 - 4*y**2 - 2*y - 2. Let w be j(-4). What is the remainder when 53 is divided by k(w)?
25
Let s(n) = 4*n**2 - 3*n. Let y be s(2). Let w = 39 - y. What is the remainder when w is divided by 15?
14
Let s be ((-34)/(-3))/(14/63). Suppose 2*l = -l + s. Calculate the remainder when l is divided by 5.
2
Let t(q) = -q**3 - q**2 - q - 6. Let h be t(0). What is the remainder when 24 is divided by (-2)/6 + (-80)/h?
11
Let k = 7 + -2. Suppose -5*y = x - 22, -3*x + 8 + 8 = k*y. Calculate the remainder when 7 is divided by y.
2
Let u = 17 + -9. What is the remainder when u is divided by 7?
1
Let f = -10 - -23. Let v be (-6)/(-9)*(-2 + 17). Let m = v - 3. What is the remainder when f is divided by m?
6
Suppose -2*t + 10 = 3*t. Suppose 3*y + 13 = -t, -2*g - y = -7. Suppose 5*n + 17 = -3*j + 75, 3*j = 4*n + 40. Calculate the remainder when j is divided by g.
4
Suppose -6*j + 158 = 4*o - j, o = -2*j + 38. Let v = o - 27. Calculate the remainder when v is divided by 4.
3
Let p = 97 + -88. Let a(k) be the first derivative of k**4/4 - k**2 - 1. What is the remainder when p is divided by a(2)?
1
Let w = 15 + -12. Suppose 0 = 4*t + 4*h - 8, -w*h = -2*t - h + 12. What is the remainder when 15 is divided by t?
3
Let l(d) = -d + 31. Let c = -5 + 21. What is the remainder when l(-14) is divided by c?
13
Let p = -7 - -22. Let h(k) = -k**2 - 6*k - 3. Let w be h(-5). Suppose -w*y + 43 = -y. What is the remainder when y is divided by p?
13
Let r be (-4)/(-22) + 168/44. Suppose t = 2*x - 19, 0 = x + r*x + 2*t - 52. What is the remainder when 37 is divided by x?
7
Let u(b) = b**2 - 2*b + 1. Let t(m) = m**3 - 11*m**2 + m - 8. Let j be t(11). Suppose -j*d - 16 = d. What is the remainder when u(d) is divided by 13?
12
Suppose -2*f + 106 = 5*g - 53, 3*f - 236 = -5*g. Calculate the remainder when f is divided by 39.
38
What is the remainder when 15 is divided by (-240)/(-56) + (-2)/7?
3
Suppose l - 5*l + 44 = 0. Let n be (4/(-4))/(0 + -1). Calculate the remainder when ((-1)/1)/(n/(-31)) is divided by l.
9
Suppose 4*a - 14 = 2*m - 0, m = -a - 1. Suppose 5*b = 2 + 33. What is the remainder when b is divided by a?
1
Let b(u) be the first derivative of -u**4/4 + 5*u**3/3 + 3*u**2/2 - 4*u - 2. Let g = 20 + -14. What 